{"id":4495,"date":"2016-09-22T06:33:03","date_gmt":"2016-09-22T06:33:03","guid":{"rendered":"http:\/\/przedszkole12.sopot.pl\/?page_id=4495"},"modified":"2025-08-27T14:35:01","modified_gmt":"2025-08-27T14:35:01","slug":"dokumenty-ubezpieczenia","status":"publish","type":"page","link":"https:\/\/przedszkole12.sopot.pl\/?page_id=4495","title":{"rendered":"Ubezpieczenie"},"content":{"rendered":"<p>Wszystkich Rodzic\u00f3w zainteresowanych zawarciem ubezpieczenia Nast\u0119pstw Nieszcz\u0119\u015bliwych Wypadk\u00f3w dzieci, zach\u0119camy do zapoznania si\u0119 z ofert\u0105 zapewniaj\u0105c\u0105 przedszkolakom ca\u0142oroczn\u0105 ochron\u0119 w zakresie NNW, a Rodzicom pewno\u015b\u0107 zwrotu koszt\u00f3w leczenia.<\/p>\n<h3 style=\"text-align: center;\"><\/h3>\n<h1 style=\"text-align: center;\"><a href=\"http:\/\/przedszkole12.sopot.pl\/wp-content\/uploads\/2025\/08\/Compensa.pdf\">Compensa<\/a><\/h1>\n<h1 style=\"text-align: center;\"><a href=\"http:\/\/przedszkole12.sopot.pl\/wp-content\/uploads\/2025\/08\/Hestia.pdf\">Hestia<\/a><\/h1>\n<h1 style=\"text-align: center;\"><a href=\"http:\/\/przedszkole12.sopot.pl\/wp-content\/uploads\/2025\/08\/Interrisk.pdf\">Interrisk<\/a><\/h1>\n<h1 style=\"text-align: center;\"><a href=\"http:\/\/przedszkole12.sopot.pl\/wp-content\/uploads\/2025\/08\/PZU-EDUKACJA-ZAPISY-ONLINE.pdf\">PZU EDUKACJA ZAPISY ONLINE<\/a><\/h1>\n<div class=\"wp-block-image\"><img loading=\"lazy\" class=\"aligncenter size-full wp-image-38385\" src=\"http:\/\/przedszkole12.sopot.pl\/wp-content\/uploads\/2025\/08\/NNW-szkolne-1.png\" alt=\"\" width=\"940\" height=\"788\" srcset=\"https:\/\/przedszkole12.sopot.pl\/wp-content\/uploads\/2025\/08\/NNW-szkolne-1.png 940w, https:\/\/przedszkole12.sopot.pl\/wp-content\/uploads\/2025\/08\/NNW-szkolne-1-380x319.png 380w, https:\/\/przedszkole12.sopot.pl\/wp-content\/uploads\/2025\/08\/NNW-szkolne-1-768x644.png 768w\" sizes=\"(max-width: 940px) 100vw, 940px\" \/><\/div>\n<p>&nbsp;<\/p>\n","protected":false},"excerpt":{"rendered":"<p>Wszystkich Rodzic\u00f3w zainteresowanych zawarciem ubezpieczenia Nast\u0119pstw Nieszcz\u0119\u015bliwych Wypadk\u00f3w dzieci, zach\u0119camy do zapoznania si\u0119 z ofert\u0105 zapewniaj\u0105c\u0105 przedszkolakom ca\u0142oroczn\u0105 ochron\u0119 w zakresie NNW, a Rodzicom pewno\u015b\u0107 zwrotu koszt\u00f3w leczenia. Compensa Hestia Interrisk PZU EDUKACJA ZAPISY ONLINE &nbsp;<\/p>\n","protected":false},"author":3,"featured_media":0,"parent":0,"menu_order":0,"comment_status":"closed","ping_status":"closed","template":"","meta":[],"_links":{"self":[{"href":"https:\/\/przedszkole12.sopot.pl\/index.php?rest_route=\/wp\/v2\/pages\/4495"}],"collection":[{"href":"https:\/\/przedszkole12.sopot.pl\/index.php?rest_route=\/wp\/v2\/pages"}],"about":[{"href":"https:\/\/przedszkole12.sopot.pl\/index.php?rest_route=\/wp\/v2\/types\/page"}],"author":[{"embeddable":true,"href":"https:\/\/przedszkole12.sopot.pl\/index.php?rest_route=\/wp\/v2\/users\/3"}],"replies":[{"embeddable":true,"href":"https:\/\/przedszkole12.sopot.pl\/index.php?rest_route=%2Fwp%2Fv2%2Fcomments&post=4495"}],"version-history":[{"count":17,"href":"https:\/\/przedszkole12.sopot.pl\/index.php?rest_route=\/wp\/v2\/pages\/4495\/revisions"}],"predecessor-version":[{"id":38386,"href":"https:\/\/przedszkole12.sopot.pl\/index.php?rest_route=\/wp\/v2\/pages\/4495\/revisions\/38386"}],"wp:attachment":[{"href":"https:\/\/przedszkole12.sopot.pl\/index.php?rest_route=%2Fwp%2Fv2%2Fmedia&parent=4495"}],"curies":[{"name":"wp","href":"https:\/\/api.w.org\/{rel}","templated":true}]}}