{"id":432,"date":"2015-08-26T12:41:21","date_gmt":"2015-08-26T12:41:21","guid":{"rendered":"http:\/\/przedszkole12.sopot.pl\/?page_id=432"},"modified":"2015-08-27T07:33:33","modified_gmt":"2015-08-27T07:33:33","slug":"o-przedszkolu","status":"publish","type":"page","link":"https:\/\/przedszkole12.sopot.pl\/?page_id=432","title":{"rendered":"Za\u0142o\u017cenia organizacji przedszkola"},"content":{"rendered":"<h3><img loading=\"lazy\" class=\" alignleft\" src=\"http:\/\/przedszkole12.sopot.pl\/wp-content\/uploads\/2015\/08\/godlo_polski.png\" alt=\"godlo_polski\" width=\"91\" height=\"109\" align=\"left\" hspace=\"10\" \/><\/h3>\n<p>Przedszkole jest plac\u00f3wk\u0105 publiczn\u0105 z oddzia\u0142em integracyjnym prowadzon\u0105 przez Gmin\u0119 Sopot. Podstawow\u0105 dzia\u0142alno\u015b\u0107 przedszkola stanowi opieka i kszta\u0142cenie oko\u0142o 120 dzieci w wieku od trzeciego do sz\u00f3stego roku \u017cycia<\/p>\n<p>&nbsp;<\/p>\n<h3>Charakterystyka przedszkola<\/h3>\n<p>Istotn\u0105 zalet\u0105 naszego przedszkola jest jego usytuowanie.<\/p>\n<p>Le\u015bna enklawa w niewielkim oddaleniu od morza &#8211; zwana Brodwino, to dzielnica Sopotu nad wyraz atrakcyjnie po\u0142o\u017cona.<\/p>\n<p>Przedszkole mie\u015bci si\u0119 w wolnostoj\u0105cym pi\u0119trowym budynku z pi\u0119cioma du\u017cymi, dostosowanymi do potrzeb dzieci salami, gabinetem terapii pedagogicznej oraz salk\u0105 do rehabilitacji dzieci niepe\u0142nosprawnych.<\/p>\n<p>Przedszkole otacza du\u017cy dobrze utrzymany ogr\u00f3d.<br \/>\nPomieszczenia i wyposa\u017cenie plac\u00f3wki jest nowoczesne, a warunki zabawy i nauki atrakcyjne.Jeste\u015bmy jedynym przedszkolem w mie\u015bcie z oddzia\u0142em integracyjnym.<\/p>\n<p>Opiek\u0119 nad dzie\u0107mi sprawuj\u0105 wykwalifikowani nauczyciele.<br \/>\nObowi\u0105zek przedszkolny realizowany jest w grupie dzieci pi\u0119cioletnich.<br \/>\nDziecko 4 letnie ma prawo do edukacji przedszkolnej.<\/p>\n","protected":false},"excerpt":{"rendered":"<p>Przedszkole jest plac\u00f3wk\u0105 publiczn\u0105 z oddzia\u0142em integracyjnym prowadzon\u0105 przez Gmin\u0119 Sopot. Podstawow\u0105 dzia\u0142alno\u015b\u0107 przedszkola stanowi opieka i kszta\u0142cenie oko\u0142o 120 dzieci w wieku od trzeciego do sz\u00f3stego roku \u017cycia &nbsp; Charakterystyka przedszkola Istotn\u0105 zalet\u0105 naszego przedszkola jest jego usytuowanie. Le\u015bna enklawa w niewielkim oddaleniu od morza &#8211; zwana Brodwino, to dzielnica Sopotu nad wyraz atrakcyjnie po\u0142o\u017cona. Przedszkole mie\u015bci si\u0119 w wolnostoj\u0105cym pi\u0119trowym budynku z pi\u0119cioma du\u017cymi, dostosowanymi do potrzeb dzieci salami, gabinetem terapii pedagogicznej oraz salk\u0105 do rehabilitacji dzieci niepe\u0142nosprawnych. Przedszkole otacza du\u017cy dobrze utrzymany ogr\u00f3d. Pomieszczenia i wyposa\u017cenie plac\u00f3wki [&hellip;]<\/p>\n","protected":false},"author":3,"featured_media":0,"parent":0,"menu_order":0,"comment_status":"open","ping_status":"open","template":"","meta":[],"_links":{"self":[{"href":"https:\/\/przedszkole12.sopot.pl\/index.php?rest_route=\/wp\/v2\/pages\/432"}],"collection":[{"href":"https:\/\/przedszkole12.sopot.pl\/index.php?rest_route=\/wp\/v2\/pages"}],"about":[{"href":"https:\/\/przedszkole12.sopot.pl\/index.php?rest_route=\/wp\/v2\/types\/page"}],"author":[{"embeddable":true,"href":"https:\/\/przedszkole12.sopot.pl\/index.php?rest_route=\/wp\/v2\/users\/3"}],"replies":[{"embeddable":true,"href":"https:\/\/przedszkole12.sopot.pl\/index.php?rest_route=%2Fwp%2Fv2%2Fcomments&post=432"}],"version-history":[{"count":13,"href":"https:\/\/przedszkole12.sopot.pl\/index.php?rest_route=\/wp\/v2\/pages\/432\/revisions"}],"predecessor-version":[{"id":449,"href":"https:\/\/przedszkole12.sopot.pl\/index.php?rest_route=\/wp\/v2\/pages\/432\/revisions\/449"}],"wp:attachment":[{"href":"https:\/\/przedszkole12.sopot.pl\/index.php?rest_route=%2Fwp%2Fv2%2Fmedia&parent=432"}],"curies":[{"name":"wp","href":"https:\/\/api.w.org\/{rel}","templated":true}]}}