{"id":11731,"date":"2018-09-02T17:08:37","date_gmt":"2018-09-02T17:08:37","guid":{"rendered":"http:\/\/przedszkole12.sopot.pl\/?page_id=11731"},"modified":"2025-10-07T09:01:44","modified_gmt":"2025-10-07T09:01:44","slug":"rada-rodzicow","status":"publish","type":"page","link":"https:\/\/przedszkole12.sopot.pl\/?page_id=11731","title":{"rendered":"Rada Rodzic\u00f3w"},"content":{"rendered":"<h3><strong>Drodzy Rodzice,<\/strong><\/h3>\n<p>10 wrze\u015bnia 2025 roku, odby\u0142o si\u0119 pierwsze w tym roku posiedzenie Rady Rodzic\u00f3w,\u00a0 w posiedzeniu bra\u0142a udzia\u0142 r\u00f3wnie\u017c p. Iwona Kierzek- Dyrektor Przedszkola.<\/p>\n<p>Podczas posiedzenia wybrano nowe w\u0142adze Rady Rodzic\u00f3w:<\/p>\n<p><strong>Przewodnicz\u0105ca Rady Rodzic\u00f3w &#8211;\u00a0<\/strong>Agnieszka Korczak<\/p>\n<p><strong>Wiceprzewodnicz\u0105ca Rady Rodzic\u00f3w &#8211; <\/strong>Natalya Szmidtka<\/p>\n<p>Sk\u0142adka Rady Rodzic\u00f3w na rok 2025\/2026 zostaje ustalona na poziomie <strong>50z\u0142 na miesi\u0105c <\/strong>i jest w pe\u0142ni dobrowolna.<\/p>\n<p><em>(sk\u0142adka na rodze\u0144stwo wynosi 40 z\u0142otych miesi\u0119cznie)<\/em><\/p>\n<p>Sk\u0142adk\u0119 mo\u017cna wp\u0142aca\u0107 bezpo\u015brednio na konto Rady Rodzic\u00f3w:<br \/>\n<strong>08 1090 1098 0000 0001 4675 3156 <\/strong>wpisuj\u0105c imi\u0119 i nazwisko dziecka oraz grup\u0119.<\/p>\n<p>Ka\u017cda kwota b\u0119dzie dla przedszkola wa\u017cnym i znacz\u0105cym wsparciem. Dzi\u0119ki wp\u0142atom dofinansujemy m.in. r\u00f3\u017cnego rodzaju prezenty dla przedszkolak\u00f3w, op\u0142acamy warsztaty, teatrzyki, organizujemy festyny, ciekawe wydarzenia i atrakcje dla naszych pociech. Ka\u017cda wp\u0142acona z\u0142ot\u00f3wka trafia do naszych dzieci pod r\u00f3\u017cnymi postaciami.<\/p>\n<h3><strong>Drodzy Rodzice,<\/strong><\/h3>\n<p>Wraz z rozpocz\u0119ciem kolejnego roku przedszkolnego pojawi\u0142y si\u0119 przed nami nowe wyzwania i pomys\u0142y, kt\u00f3re bez Waszego wsparcia nie b\u0119d\u0105 mog\u0142y by\u0107 zrealizowane.<\/p>\n<p>Dzi\u0119ki Pa\u0144stwa zaanga\u017cowaniu:<\/p>\n<ul>\n<li>wszystkie grupy co drugi pi\u0105tek b\u0119d\u0105 bra\u0142y udzia\u0142 w zaj\u0119ciach og\u00f3lnorozwojowych z elementami karate<\/li>\n<li>planowane s\u0105 zaj\u0119cia z j\u0119zyka hiszpa\u0144skiego z native speakerem r\u00f3wnie\u017c dwa razy w miesi\u0105cu<\/li>\n<li>ka\u017cda z grup otrzyma\u0142a po 30 z\u0142 na dziecko na zakup potrzebnych materia\u0142\u00f3w,<\/li>\n<li>ustalili\u015bmy kwot\u0119, przeznaczon\u0105 na zakup upomink\u00f3w dla dzieci z racji uroczysto\u015bci Pasowania na Przedszkolaka,<\/li>\n<li>przeznaczyli\u015bmy \u0142\u0105cznie 1000 z\u0142 na organizacj\u0119 festynu jesiennego,<\/li>\n<li>op\u0142acili\u015bmy warsztaty kreatywne z piankoliny,<\/li>\n<li>zorganizowali\u015bmy wsp\u00f3\u0142prac\u0119 z firm\u0105 Foto Ars Gdynia na sesj\u0119 jesienn\u0105<\/li>\n<li>zorganizowali\u015bmy dwukrotnie w ci\u0105gu roku wyst\u0119p teatru dla dzieci<\/li>\n<li>odb\u0119dzie si\u0119 tak\u017ce mobilne planetarium &#8222;Zaczarowana Rafa&#8221;<\/li>\n<li>planowana jest audycja muzyczna<\/li>\n<li>zaplanowane s\u0105 wydatki zwi\u0105zane z dofinansowaniem paczek wigilijnych, paczek wielkanocnych oraz nagr\u00f3d dla dzieci ko\u0144cz\u0105cych przedszkole<\/li>\n<li>sprawujemy sta\u0142\u0105 opiek\u0119 nad naszymi zwierz\u0119tami &#8211; rybkami i kotem.<\/li>\n<\/ul>\n<p>W planach mamy r\u00f3wnie\u017c mi\u0119dzy innymi: kolejne warsztaty kreatywne, planujemy r\u00f3wnie\u017c dofinansowanie do balu karnawa\u0142owego (animator dla wszystkich grup).<\/p>\n<p>Zach\u0119camy tak\u017ce rodzic\u00f3w oraz bliskich cz\u0142onk\u00f3w rodziny do podzielenia si\u0119 w poszczeg\u00f3lnych grupach swoj\u0105 profesj\u0105 lub pasj\u0105.<\/p>\n<p>Gor\u0105co zach\u0119camy wi\u0119c do regularnych wp\u0142at na konto Rady Rodzic\u00f3w w kwocie <strong>50z\u0142,<\/strong> oczywi\u015bcie jest to wp\u0142ata nieobowi\u0105zkowa, jednak pami\u0119tajmy, \u017ce korzystaj\u0105 z tego wszystkie dzieci.<\/p>\n<p><strong>Rada Rodzic\u00f3w Przedszkola Nr 12 w Sopocie<\/strong><\/p>\n<p>&nbsp;<\/p>\n<p style=\"text-align: center;\">&#8212;&#8212;&#8212;&#8212;&#8212;&#8212;&#8212;&#8212;&#8212;&#8212;&#8212;&#8212;&#8212;&#8212;&#8212;&#8211;<\/p>\n<h3><\/h3>\n<p>&nbsp;<\/p>\n<p>&nbsp;<\/p>\n","protected":false},"excerpt":{"rendered":"<p>Drodzy Rodzice, 10 wrze\u015bnia 2025 roku, odby\u0142o si\u0119 pierwsze w tym roku posiedzenie Rady Rodzic\u00f3w,\u00a0 w posiedzeniu bra\u0142a udzia\u0142 r\u00f3wnie\u017c p. Iwona Kierzek- Dyrektor Przedszkola. Podczas posiedzenia wybrano nowe w\u0142adze Rady Rodzic\u00f3w: Przewodnicz\u0105ca Rady Rodzic\u00f3w &#8211;\u00a0Agnieszka Korczak Wiceprzewodnicz\u0105ca Rady Rodzic\u00f3w &#8211; Natalya Szmidtka Sk\u0142adka Rady Rodzic\u00f3w na rok 2025\/2026 zostaje ustalona na poziomie 50z\u0142 na miesi\u0105c i jest w pe\u0142ni dobrowolna. (sk\u0142adka na rodze\u0144stwo wynosi 40 z\u0142otych miesi\u0119cznie) Sk\u0142adk\u0119 mo\u017cna wp\u0142aca\u0107 bezpo\u015brednio na konto Rady Rodzic\u00f3w: 08 1090 1098 0000 0001 4675 3156 wpisuj\u0105c imi\u0119 i nazwisko dziecka oraz grup\u0119. [&hellip;]<\/p>\n","protected":false},"author":3,"featured_media":0,"parent":0,"menu_order":0,"comment_status":"closed","ping_status":"closed","template":"","meta":[],"_links":{"self":[{"href":"https:\/\/przedszkole12.sopot.pl\/index.php?rest_route=\/wp\/v2\/pages\/11731"}],"collection":[{"href":"https:\/\/przedszkole12.sopot.pl\/index.php?rest_route=\/wp\/v2\/pages"}],"about":[{"href":"https:\/\/przedszkole12.sopot.pl\/index.php?rest_route=\/wp\/v2\/types\/page"}],"author":[{"embeddable":true,"href":"https:\/\/przedszkole12.sopot.pl\/index.php?rest_route=\/wp\/v2\/users\/3"}],"replies":[{"embeddable":true,"href":"https:\/\/przedszkole12.sopot.pl\/index.php?rest_route=%2Fwp%2Fv2%2Fcomments&post=11731"}],"version-history":[{"count":26,"href":"https:\/\/przedszkole12.sopot.pl\/index.php?rest_route=\/wp\/v2\/pages\/11731\/revisions"}],"predecessor-version":[{"id":38400,"href":"https:\/\/przedszkole12.sopot.pl\/index.php?rest_route=\/wp\/v2\/pages\/11731\/revisions\/38400"}],"wp:attachment":[{"href":"https:\/\/przedszkole12.sopot.pl\/index.php?rest_route=%2Fwp%2Fv2%2Fmedia&parent=11731"}],"curies":[{"name":"wp","href":"https:\/\/api.w.org\/{rel}","templated":true}]}}

Rada Rodziców

<h3><strong>Drodzy Rodzice,</strong></h3>
<p>10 września 2025 roku, odbyło się pierwsze w tym roku posiedzenie Rady Rodziców,  w posiedzeniu brała udział również p. Iwona Kierzek- Dyrektor Przedszkola.</p>
<p>Podczas posiedzenia wybrano nowe władze Rady Rodziców:</p>
<p><strong>Przewodnicząca Rady Rodziców &#8211; </strong>Agnieszka Korczak</p>
<p><strong>Wiceprzewodnicząca Rady Rodziców &#8211; </strong>Natalya Szmidtka</p>
<p>Składka Rady Rodziców na rok 2025/2026 zostaje ustalona na poziomie <strong>50zł na miesiąc </strong>i jest w pełni dobrowolna.</p>
<p><em>(składka na rodzeństwo wynosi 40 złotych miesięcznie)</em></p>
<p>Składkę można wpłacać bezpośrednio na konto Rady Rodziców:<br />
<strong>08 1090 1098 0000 0001 4675 3156 </strong>wpisując imię i nazwisko dziecka oraz grupę.</p>
<p>Każda kwota będzie dla przedszkola ważnym i znaczącym wsparciem. Dzięki wpłatom dofinansujemy m.in. różnego rodzaju prezenty dla przedszkolaków, opłacamy warsztaty, teatrzyki, organizujemy festyny, ciekawe wydarzenia i atrakcje dla naszych pociech. Każda wpłacona złotówka trafia do naszych dzieci pod różnymi postaciami.</p>
<h3><strong>Drodzy Rodzice,</strong></h3>
<p>Wraz z rozpoczęciem kolejnego roku przedszkolnego pojawiły się przed nami nowe wyzwania i pomysły, które bez Waszego wsparcia nie będą mogły być zrealizowane.</p>
<p>Dzięki Państwa zaangażowaniu:</p>
<ul>
<li>wszystkie grupy co drugi piątek będą brały udział w zajęciach ogólnorozwojowych z elementami karate</li>
<li>planowane są zajęcia z języka hiszpańskiego z native speakerem również dwa razy w miesiącu</li>
<li>każda z grup otrzymała po 30 zł na dziecko na zakup potrzebnych materiałów,</li>
<li>ustaliliśmy kwotę, przeznaczoną na zakup upominków dla dzieci z racji uroczystości Pasowania na Przedszkolaka,</li>
<li>przeznaczyliśmy łącznie 1000 zł na organizację festynu jesiennego,</li>
<li>opłaciliśmy warsztaty kreatywne z piankoliny,</li>
<li>zorganizowaliśmy współpracę z firmą Foto Ars Gdynia na sesję jesienną</li>
<li>zorganizowaliśmy dwukrotnie w ciągu roku występ teatru dla dzieci</li>
<li>odbędzie się także mobilne planetarium &#8222;Zaczarowana Rafa&#8221;</li>
<li>planowana jest audycja muzyczna</li>
<li>zaplanowane są wydatki związane z dofinansowaniem paczek wigilijnych, paczek wielkanocnych oraz nagród dla dzieci kończących przedszkole</li>
<li>sprawujemy stałą opiekę nad naszymi zwierzętami &#8211; rybkami i kotem.</li>
</ul>
<p>W planach mamy również między innymi: kolejne warsztaty kreatywne, planujemy również dofinansowanie do balu karnawałowego (animator dla wszystkich grup).</p>
<p>Zachęcamy także rodziców oraz bliskich członków rodziny do podzielenia się w poszczególnych grupach swoją profesją lub pasją.</p>
<p>Gorąco zachęcamy więc do regularnych wpłat na konto Rady Rodziców w kwocie <strong>50zł,</strong> oczywiście jest to wpłata nieobowiązkowa, jednak pamiętajmy, że korzystają z tego wszystkie dzieci.</p>
<p><strong>Rada Rodziców Przedszkola Nr 12 w Sopocie</strong></p>
<p>&nbsp;</p>
<p style="text-align: center;">&#8212;&#8212;&#8212;&#8212;&#8212;&#8212;&#8212;&#8212;&#8212;&#8212;&#8212;&#8212;&#8212;&#8212;&#8212;&#8211;</p>
<h3></h3>
<p>&nbsp;</p>
<p>&nbsp;</p>

<p>Drodzy Rodzice, 10 września 2025 roku, odbyło się pierwsze w tym roku posiedzenie Rady Rodziców,  w posiedzeniu brała udział również p. Iwona Kierzek- Dyrektor Przedszkola. Podczas posiedzenia wybrano nowe władze Rady Rodziców: Przewodnicząca Rady Rodziców &#8211; Agnieszka Korczak Wiceprzewodnicząca Rady Rodziców &#8211; Natalya Szmidtka Składka Rady Rodziców na rok 2025/2026 zostaje ustalona na poziomie 50zł na miesiąc i jest w pełni dobrowolna. (składka na rodzeństwo wynosi 40 złotych miesięcznie) Składkę można wpłacać bezpośrednio na konto Rady Rodziców: 08 1090 1098 0000 0001 4675 3156 wpisując imię i nazwisko dziecka oraz grupę. [&hellip;]</p>
